e the remainder when 1679368 is divided by 236.
228
Calculate the remainder when 144696 is divided by 40.
16
Calculate the remainder when 1834405 is divided by 611468.
1
Calculate the remainder when 97794 is divided by 14.
4
Calculate the remainder when 103864 is divided by 241.
234
Calculate the remainder when 30881 is divided by 2205.
11
What is the remainder when 2825 is divided by 77?
53
What is the remainder when 144977 is divided by 48325?
2
Calculate the remainder when 12952 is divided by 415.
87
What is the remainder when 564269 is divided by 25?
19
What is the remainder when 5142 is divided by 832?
150
Calculate the remainder when 74271 is divided by 326.
269
What is the remainder when 330796 is divided by 1384?
20
What is the remainder when 5290 is divided by 311?
3
Calculate the remainder when 34842 is divided by 91.
80
What is the remainder when 107980 is divided by 885?
10
What is the remainder when 13065 is divided by 6522?
21
What is the remainder when 520201 is divided by 277?
272
Calculate the remainder when 633 is divided by 236.
161
What is the remainder when 13461 is divided by 1387?
978
What is the remainder when 299555 is divided by 314?
313
Calculate the remainder when 61474 is divided by 47.
45
Calculate the remainder when 32492 is divided by 10829.
5
Calculate the remainder when 3158628 is divided by 526.
524
Calculate the remainder when 6402 is divided by 6315.
87
What is the remainder when 2455 is divided by 298?
71
Calculate the remainder when 2444 is divided by 241.
34
What is the remainder when 135783 is divided by 218?
187
What is the remainder when 85642 is divided by 31?
20
What is the remainder when 579 is divided by 98?
89
Calculate the remainder when 20388 is divided by 1698.
12
Calculate the remainder when 12072 is divided by 11315.
757
Calculate the remainder when 7839 is divided by 282.
225
Calculate the remainder when 693 is divided by 636.
57
What is the remainder when 441934 is divided by 124?
122
Calculate the remainder when 25191 is divided by 12555.
81
What is the remainder when 22973 is divided by 35?
13
What is the remainder when 10016 is divided by 619?
112
Calculate the remainder when 51652 is divided by 5733.
55
What is the remainder when 16133 is divided by 519?
44
Calculate the remainder when 379501 is divided by 42166.
7
Calculate the remainder when 3464498 is divided by 469.
464
Calculate the remainder when 191422 is divided by 13672.
14
Calculate the remainder when 56679 is divided by 18892.
3
Calculate the remainder when 21585 is divided by 1457.
1187
Calculate the remainder when 16439 is divided by 273.
59
What is the remainder when 10293 is divided by 11?
8
Calculate the remainder when 129737 is divided by 135.
2
Calculate the remainder when 2520 is divided by 1754.
766
Calculate the remainder when 2896 is divided by 200.
96
What is the remainder when 27246 is divided by 50?
46
What is the remainder when 2708 is divided by 149?
26
Calculate the remainder when 229121 is divided by 325.
321
Calculate the remainder when 6332 is divided by 2078.
98
Calculate the remainder when 231 is divided by 146.
85
Calculate the remainder when 719 is divided by 615.
104
Calculate the remainder when 99028 is divided by 329.
328
Calculate the remainder when 137908 is divided by 13787.
38
What is the remainder when 71452 is divided by 13?
4
Calculate the remainder when 20455 is divided by 71.
7
Calculate the remainder when 7478 is divided by 7421.
57
Calculate the remainder when 24404 is divided by 394.
370
Calculate the remainder when 89925 is divided by 2497.
33
What is the remainder when 944684 is divided by 191?
189
What is the remainder when 4424 is divided by 32?
8
What is the remainder when 1006 is divided by 57?
37
Calculate the remainder when 19622 is divided by 1091.
1075
What is the remainder when 9991 is divided by 1216?
263
Calculate the remainder when 14182 is divided by 171.
160
What is the remainder when 65066 is divided by 46?
22
Calculate the remainder when 1829604 is divided by 129.
126
What is the remainder when 33168 is divided by 4140?
48
What is the remainder when 3654 is divided by 174?
0
Calculate the remainder when 36019 is divided by 123.
103
What is the remainder when 9254 is divided by 773?
751
What is the remainder when 28729 is divided by 1063?
28
Calculate the remainder when 1314045 is divided by 641.
636
What is the remainder when 4243 is divided by 119?
78
What is the remainder when 2642 is divided by 1266?
110
What is the remainder when 169228 is divided by 53?
52
Calculate the remainder when 3185 is divided by 175.
35
What is the remainder when 2316 is divided by 1153?
10
What is the remainder when 9612 is divided by 176?
108
Calculate the remainder when 11428 is divided by 23.
20
What is the remainder when 588748 is divided by 5?
3
What is the remainder when 6803 is divided by 337?
63
What is the remainder when 31575 is divided by 139?
22
Calculate the remainder when 20927 is divided by 7.
4
What is the remainder when 78598 is divided by 24?
22
Calculate the remainder when 32930 is divided by 5476.
74
What is the remainder when 7094 is divided by 362?
216
What is the remainder when 1165 is divided by 329?
178
Calculate the remainder when 5238 is divided by 181.
170
What is the remainder when 72486 is divided by 348?
102
What is the remainder when 16710 is divided by 88?
78
What is the remainder when 917 is divided by 101?
8
What is the remainder when 31237 is divided by 434?
423
Calculate the remainder when 3223 is divided by 68.
27
What is the remainder when 316942 is divided by 18?
16
What is the remainder when 14441 is divided by 4812?
5
Calculate the remainder when 30782 is divided by 16.
14
Calculate the remainder when 16882 is divided by 497.
481
Calculate the remainder when 11387 is divided by 137.
16
Calculate the remainder when 102981 is divided by 244.
13
Calculate the remainder when 870 is divided by 343.
184
Calculate the remainder when 17324 is divided by 468.
8
What is the remainder when 201 is divided by 38?
11
What is the remainder when 10785 is divided by 89?
16
What is the remainder when 2561 is divided by 119?
62
Calculate the remainder when 18185 is divided by 9092.
1
What is the remainder when 2658 is divided by 260?
58
Calculate the remainder when 7136 is divided by 2250.
386
What is the remainder when 23960 is divided by 180?
20
Calculate the remainder when 2128 is divided by 1841.
287
What is the remainder when 1541629 is divided by 91?
89
What is the remainder when 9795 is divided by 650?
45
Calculate the remainder when 4554 is divided by 756.
18
Calculate the remainder when 3098 is divided by 252.
74
What is the remainder when 684682 is divided by 6?
4
What is the remainder when 5982 is divided by 2944?
94
What is the remainder when 70807 is divided by 472?
7
Calculate the remainder when 118866 is divided by 19809.
12
Calculate the remainder when 24908 is divided by 3106.
60
What is the remainder when 34503 is divided by 50?
3
Calculate the remainder when 345641 is divided by 115209.
14
Calculate the remainder when 4025 is divided by 149.
2
What is the remainder when 1514 is divided by 753?
8
Calculate the remainder when 2029835 is divided by 536.
3
Calculate the remainder when 276949 is divided by 29.
28
What is the remainder when 116421 is divided by 209?
8
What is the remainder when 112673 is divided by 213?
209
Calculate the remainder when 16400 is divided by 15.
5
What is the remainder when 4882 is divided by 2426?
30
What is the remainder when 30456 is divided by 20?
16
What is the remainder when 7101 is divided by 233?
111
Calculate the remainder when 9323 is divided by 867.
653
Calculate the remainder when 2257 is divided by 334.
253
What is the remainder when 5251 is divided by 1?
0
Calculate the remainder when 1257 is divided by 642.
615
What is the remainder when 901197 is divided by 600?
597
Calculate the remainder when 379 is divided by 51.
22
Calculate the remainder when 665995 is divided by 2345.
15
Calculate the remainder when 25802 is divided by 47.
46
Calculate the remainder when 5536 is divided by 448.
160
What is the remainder when 8772 is divided by 8753?
19
Calculate the remainder when 1152 is divided by 379.
15
What 